rs of 8877.
3, 11, 269
What are the prime factors of 59910?
2, 3, 5, 1997
List the prime factors of 8783.
8783
What are the prime factors of 1324?
2, 331
List the prime factors of 945.
3, 5, 7
List the prime factors of 463.
463
What are the prime factors of 7559?
7559
List the prime factors of 2713.
2713
List the prime factors of 2185.
5, 19, 23
What are the prime factors of 28889?
7, 4127
List the prime factors of 3297.
3, 7, 157
List the prime factors of 879.
3, 293
List the prime factors of 27761.
17, 23, 71
List the prime factors of 446.
2, 223
What are the prime factors of 203611?
37, 5503
What are the prime factors of 6671?
7, 953
What are the prime factors of 3100?
2, 5, 31
What are the prime factors of 74849?
29, 89
What are the prime factors of 22702?
2, 11351
What are the prime factors of 922?
2, 461
List the prime factors of 2535.
3, 5, 13
List the prime factors of 7739.
71, 109
List the prime factors of 902.
2, 11, 41
List the prime factors of 8326.
2, 23, 181
What are the prime factors of 1534?
2, 13, 59
What are the prime factors of 17693?
13, 1361
What are the prime factors of 1184?
2, 37
What are the prime factors of 102964?
2, 25741
What are the prime factors of 340?
2, 5, 17
List the prime factors of 9728.
2, 19
What are the prime factors of 5059?
5059
List the prime factors of 12907.
12907
What are the prime factors of 11324?
2, 19, 149
What are the prime factors of 1936?
2, 11
List the prime factors of 76167.
3, 7, 13, 31
What are the prime factors of 2953?
2953
List the prime factors of 630.
2, 3, 5, 7
List the prime factors of 5606.
2, 2803
What are the prime factors of 500?
2, 5
List the prime factors of 8967.
3, 7, 61
List the prime factors of 129.
3, 43
List the prime factors of 994.
2, 7, 71
List the prime factors of 40475.
5, 1619
List the prime factors of 1571.
1571
List the prime factors of 64525.
5, 29, 89
List the prime factors of 668.
2, 167
What are the prime factors of 621?
3, 23
What are the prime factors of 58775?
5, 2351
List the prime factors of 4334.
2, 11, 197
What are the prime factors of 13294?
2, 17, 23
List the prime factors of 2206.
2, 1103
List the prime factors of 22482.
2, 3, 1249
What are the prime factors of 432?
2, 3
List the prime factors of 2997.
3, 37
List the prime factors of 109284.
2, 3, 7, 1301
List the prime factors of 9729.
3, 23, 47
List the prime factors of 17866.
2, 8933
List the prime factors of 3539.
3539
List the prime factors of 3433.
3433
What are the prime factors of 9343?
9343
What are the prime factors of 4584?
2, 3, 191
List the prime factors of 2554.
2, 1277
What are the prime factors of 5771?
29, 199
What are the prime factors of 3314?
2, 1657
List the prime factors of 15189.
3, 61, 83
What are the prime factors of 1774?
2, 887
List the prime factors of 2023.
7, 17
List the prime factors of 6259.
11, 569
List the prime factors of 4332.
2, 3, 19
What are the prime factors of 118074?
2, 3, 11, 1789
What are the prime factors of 455?
5, 7, 13
What are the prime factors of 48999?
3, 16333
List the prime factors of 2236.
2, 13, 43
What are the prime factors of 309?
3, 103
List the prime factors of 47414.
2, 151, 157
What are the prime factors of 11889?
3, 1321
What are the prime factors of 1520?
2, 5, 19
List the prime factors of 2362.
2, 1181
What are the prime factors of 41139?
3, 7, 653
List the prime factors of 3948.
2, 3, 7, 47
What are the prime factors of 3330?
2, 3, 5, 37
What are the prime factors of 38181?
3, 11, 13, 89
List the prime factors of 149090.
2, 5, 17, 877
List the prime factors of 15321.
3, 5107
What are the prime factors of 5992?
2, 7, 107
What are the prime factors of 4711?
7, 673
List the prime factors of 23526.
2, 3, 1307
What are the prime factors of 789?
3, 263
What are the prime factors of 753?
3, 251
List the prime factors of 52399.
61, 859
What are the prime factors of 872?
2, 109
What are the prime factors of 10012?
2, 2503
List the prime factors of 3747.
3, 1249
What are the prime factors of 611?
13, 47
What are the prime factors of 292?
2, 73
List the prime factors of 10392.
2, 3, 433
List the prime factors of 31616.
2, 13, 19
List the prime factors of 42784.
2, 7, 191
What are the prime factors of 47558?
2, 7, 43, 79
List the prime factors of 13016.
2, 1627
List the prime factors of 3088.
2, 193
List the prime factors of 10744.
2, 17, 79
List the prime factors of 7305.
3, 5, 487
What are the prime factors of 7205?
5, 11, 131
List the prime factors of 6601.
7, 23, 41
List the prime factors of 5089.
7, 727
What are the prime factors of 11174?
2, 37, 151
What are the prime factors of 990?
2, 3, 5, 11
List the prime factors of 479.
479
List the prime factors of 26614.
2, 7, 1901
What are the prime factors of 4195?
5, 839
List the prime factors of 2555.
5, 7, 73
List the prime factors of 1469.
13, 113
List the prime factors of 25922.
2, 13, 997
List the prime factors of 16348.
2, 61, 67
List the prime factors of 6554.
2, 29, 113
What are the prime factors of 7992?
2, 3, 37
List the prime factors of 4828.
2, 17, 71
List the prime factors of 111.
3, 37
List the prime factors of 114022.
2, 47, 1213
List the prime factors of 590.
2, 5, 59
What are the prime factors of 1496?
2, 11, 17
What are the prime factors of 1267?
7, 181
List the prime factors of 20227.
113, 179
What are the prime factors of 852?
2, 3, 71
What are the prime factors of 2872?
2, 359
List the prime factors of 26614.
2, 7, 1901
What are the prime factors of 30194?
2, 31, 487
What are the prime factors of 2995?
5, 599
List the prime factors of 39489.
3, 13163
List the prime factors of 1207.
17, 71
List the prime factors of 17193.
3, 11, 521
What are the prime factors of 23045?
5, 11, 419
What are the prime factors of 2049?
3, 683
What are the prime factors of 7908?
2, 3, 659
List the prime factors of 14688.
2, 3, 17
What are the prime factors of 626?
2, 313
What are the prime factors of 6604?
2, 13, 127
List the prime factors of 14905.
5, 11, 271
List the prime factors of 18735.
3, 5, 1249
List the prime factors of 74194.
2, 37097
What are the prime factors of 397?
397
List the prime factors of 2500.
2, 5
What are the prime factors of 5319?
3, 197
What are the prime factors of 6766?
2, 17, 199
List the prime factors of 136228.
2, 34057
List the prime factors of 4297.
4297
What are the prime factors of 22470?
2, 3, 5, 7, 107
What are the prime factors of 27908?
2, 6977
What are the prime factors of 1049?
1049
List the prime factors of 10253.
10253
List the prime factors of 13508.
2, 11, 307
List the prime factors of 28639.
13, 2203
List the prime factors of 71369.
23, 29, 107
What are the prime factors of 4186?
2, 7, 13, 23
List the prime factors of 2859.
3, 953
What are the prime factors of 139?
139
List the prime factors of 19613.
11, 1783
List the prime factors of 1401.
3, 467
What are the prime factors of 1546?
2, 773
List the prime factors of 9987.
3, 3329
What are the prime factors of 26919?
3, 997
What are the prime factors of 56855?
5, 83, 137
List the prime factors of 9387.
3, 7, 149
List the prime factors of 15967.
7, 2281
List the prime factors of 37814.
2, 7, 37, 73
List the prime factors of 2814.
2, 3, 7, 67
List the prime factors of 1958.
2, 11, 89
List the prime factors of 3972.
2, 3, 331
List the prime factors of 26064.
2, 3, 181
List the prime factors of 155.
5, 31
What are the prime factors of 1999?
1999
List the prime factors of 695.
5, 139
What are the prime factors of 46249?
7, 6607
List the prime factors of 312.
2, 3, 13
List the prime factors of 1809.
3, 67
List the prime factors of 993.
3, 331
What are the prime factors of 5508?
2, 3, 17
List the prime factors of 3013.
23, 131
What are the prime factors of 77215?
5, 15443
List the prime factors of 791.
7, 113
List the prime factors of 10354.
2, 31, 167
List the prime factors of 1287.
3, 11, 13
What are the prime factors of 3490?
2, 5, 349
List the prime factors of 901.
17, 53
List the prime factors of 124205.
5, 24841
What are the prime factors of 2857?
2857
List the prime factors of 16896.
2, 3, 11
List the prime factors of 893.
19, 47
What are the prime factors of 3309?
3, 1103
List the prime factors of 73052.
2, 7, 2609
List the prime factors of 289.
17
List the prime factors of 4259.
4259
What are the 